s 286100723 composite?
False
Is 68100599953 prime?
False
Is 1118952203 a composite number?
False
Is 8451784273 a composite number?
True
Is 72144733327 composite?
False
Is 321395303 a prime number?
False
Is 416743337 a prime number?
True
Is 3372367429 a prime number?
False
Is 168408786209 composite?
False
Is 21278025833 a composite number?
False
Is 93912004493 composite?
False
Is 46112873 composite?
False
Is 5481167729 composite?
True
Is 83117299 a composite number?
False
Is 1944038687 composite?
False
Is 182505899 prime?
False
Is 46575076231 a composite number?
False
Is 6293083 a composite number?
True
Is 6182030317 a composite number?
False
Is 225772259 prime?
False
Is 8331827169 prime?
False
Is 282194249 prime?
False
Is 3152478359 composite?
True
Is 2589663763 a prime number?
False
Is 378461099 composite?
False
Is 1614931667 prime?
False
Is 67335417087 a composite number?
True
Is 1303647599 composite?
True
Is 30288075277 composite?
True
Is 125793620503 a composite number?
False
Is 89803951 a composite number?
False
Is 4150001771 composite?
False
Is 6549113734 a prime number?
False
Is 1130241053 a prime number?
True
Is 733644787 a composite number?
True
Is 771749021 prime?
False
Is 346539683 a composite number?
True
Is 3765895349 a composite number?
False
Is 153631199 composite?
False
Is 18826109187 composite?
True
Is 6134218385 a composite number?
True
Is 628215607 a composite number?
True
Is 94138769 a composite number?
False
Is 10875083773 prime?
True
Is 233002639 composite?
False
Is 1272968933 composite?
False
Is 47199833669 prime?
True
Is 24583652781 a prime number?
False
Is 703110731 a composite number?
False
Is 414406129 composite?
True
Is 16242158371 a composite number?
False
Is 25935836021 composite?
True
Is 704519443 a prime number?
True
Is 24833183893 composite?
True
Is 10172858263 prime?
True
Is 238924739 composite?
True
Is 709779211 a prime number?
True
Is 9831722471 prime?
False
Is 63059504219 a composite number?
False
Is 2601487123 a prime number?
False
Is 57109064897 prime?
False
Is 4672697959 a prime number?
True
Is 13486811447 a composite number?
False
Is 986086951 a composite number?
False
Is 466651309 prime?
False
Is 73104371 prime?
True
Is 3038364071 a composite number?
True
Is 272075113 prime?
False
Is 33559525411 a prime number?
True
Is 11629631291 a prime number?
True
Is 386680306 composite?
True
Is 2497406887 a composite number?
False
Is 985042459 a composite number?
True
Is 45691759513 prime?
True
Is 12747337843 a prime number?
False
Is 24158183941 a composite number?
True
Is 5428753 prime?
False
Is 791575679 composite?
False
Is 4826038709 composite?
False
Is 15323805961 a prime number?
True
Is 76482521443 a prime number?
False
Is 40791015757 a prime number?
False
Is 6343771363 a composite number?
True
Is 5693696119 prime?
True
Is 17189552563 a prime number?
True
Is 14430746501 a prime number?
False
Is 4741621457 a prime number?
False
Is 606101869 prime?
True
Is 3059238543 a prime number?
False
Is 12487073369 a composite number?
False
Is 54370369 a composite number?
True
Is 26261357609 composite?
True
Is 453483737 composite?
True
Is 2770573909 a composite number?
False
Is 192240311 prime?
True
Is 9188534441 a prime number?
True
Is 9295840999 a prime number?
False
Is 163042463 prime?
True
Is 2202979841 a composite number?
False
Is 3263802937 a prime number?
False
Is 794818397 composite?
True
Is 1184356903 prime?
True
Is 21191044369 composite?
True
Is 35417438891 composite?
True
Is 695800543 a composite number?
False
Is 2680651943 a composite number?
False
Is 82524851329 a composite number?
True
Is 69058419 prime?
False
Is 861427499 prime?
True
Is 540239717 a prime number?
True
Is 1885772503 prime?
True
Is 1426171451 prime?
False
Is 48072004259 a composite number?
False
Is 4598066129 composite?
True
Is 1157427361 a composite number?
False
Is 25582178837 a prime number?
True
Is 4763718973 a prime number?
False
Is 1155404903 prime?
False
Is 205005221 prime?
False
Is 259769359 prime?
False
Is 174800429 a composite number?
True
Is 34355736137 a composite number?
False
Is 664031189 prime?
True
Is 395129201 a composite number?
False
Is 1394835059 prime?
True
Is 20011842013 composite?
False
Is 1479032795 prime?
False
Is 1568765111 a prime number?
True
Is 9154088857 a prime number?
True
Is 6715936739 a composite number?
False
Is 72047078297 a prime number?
True
Is 5647027081 composite?
True
Is 189028369 prime?
False
Is 6501650105 a composite number?
True
Is 7510917941 prime?
True
Is 105247765099 prime?
True
Is 28819527631 composite?
False
Is 16641789917 composite?
False
Is 5963687309 a prime number?
False
Is 19097730959 a prime number?
False
Is 231420290713 prime?
True
Is 43516232531 composite?
False
Is 3385538411 a prime number?
True
Is 2546876782 composite?
True
Is 40403161723 a prime number?
False
Is 1006253291 composite?
False
Is 9753906949 prime?
False
Is 3481091729 a prime number?
True
Is 5431637671 a composite number?
False
Is 2922318937 a composite number?
False
Is 4447899739 prime?
True
Is 859052633 a prime number?
False
Is 5756011579 composite?
True
Is 7456303681 a composite number?
False
Is 5645224163 a composite number?
False
Is 6950577997 a prime number?
False
Is 7832481413 a prime number?
False
Is 11313985411 a prime number?
False
Is 14201170691 composite?
False
Is 6553351657 a prime number?
True
Is 28840728097 composite?
False
Is 41215974911 prime?
True
Is 235414601 composite?
False
Is 6900473803 composite?
False
Is 33635353 a prime number?
False
Is 215573653 a prime number?
False
Is 2579475797 composite?
False
Is 20137689251 a prime number?
True
Is 706303237 a composite number?
True
Is 641915341 a composite number?
True
Is 2766792271 a composite number?
False
Is 2953886603 a composite number?
True
Is 4259407073 prime?
True
Is 971896063 a prime number?
True
Is 1179130639 a prime number?
False
Is 132618287 a composite number?
False
Is 50784339809 a composite number?
True
Is 152420646221 a composite number?
False
Is 15891901211 a composite number?
True
Is 4948758179 a composite number?
True
Is 34645771 a prime number?
True
Is 156244733 a composite number?
True
Is 5205294799 composite?
True
Is 3577964623 prime?
True
Is 419302643 composite?
False
Is 66767170289 a prime number?
True
Is 1150748749 a prime number?
True
Is 1742305687 prime?
True
Is 181432019 composite?
True
Is 920602429 a composite number?
True
Is 4501611685 a prime number?
False
Is 6009880673 a composite number?
False
Is 16127124731 a composite number?
True
Is 55715581949 prime?
False
Is 453207061 a prime number?
False
Is 1606253353 composite?
True
Is 7840378757 a composite number?
False
Is 910304363 composite?
False
Is 1763498411 a composite number?
False
Is 2388829243 a composite number?
True
Is 1378843979 a composite number?
False
Is 76543939807 prime?
False
Is 22334904881 composite?
False
Is 327916997 a composite number?
False
Is 1430292527 a composite number?
False
Is 845503627 a prime number?
True
Is 150353324717 a prime number?
True
Is 99844793 a composite number?
False
Is 1368558097 a composite number?
True
Is 2882445959 a prime number?
True
Is 911471791 a composite number?
False
Is 11762132927 a composite number?
False
Is 25357160663 composite?
False
Is 4151514439 prime?
False
Is 52700628151 composite?
True
Is 740808571 prime?
True
Is 1875946967 composite?
False
Is 123818969969 a composite number?
False
Is 30543062141 composite?
False
Is 8813793097 a composite number?
True
Is 15538816567 a composite number?
False
Is 72485879 prime?
True
Is 9494982857 composite?
False
Is 42666146023 prime?
False
Is 4606693285 a prime number?
False
Is 7345777457 a composite number?
False
Is 54761332811 a prime number?
False
Is 2108785663 a composite number?
True
Is 1002434437 a prime number?
False
Is 5455397989 prime?
True
Is 4627204567 a prime number?
False
Is 362485021 prime?
False
Is 23894771081 composite?
False
Is 20210551069 composite?
True
Is 1233244739 a prime number?
True
Is 7723124337 a composite number?
True
Is 31679744903 a prime number?
False
Is 26214085951 composite?
False
Is 36829455083 prime?
False
Is 783335717 prime?
False
Is 424538537 composite?
False
Is 1727355479 a prime number?
False
Is 98903761087 a composite number?
True
Is 27153621499